
Does 73 divide 172239?
False
Is 48 a factor of 1237?
False
Is 74815 a multiple of 10?
False
Is 778085 a multiple of 35?
True
Is 26 a factor of 1589938?
False
Is 3319692 a multiple of 20?
False
Does 22 divide 11303208?
False
Does 88 divide 13685463?
False
Does 173 divide 2422?
True
Does 28 divide 39799?
False
Is 30 a factor of 30707625?
False
Does 13 divide 80629?
False
Is 96 a factor of 1576704?
True
Does 170 divide 5743790?
True
Is 5 a factor of 129100?
True
Is 17074024 a multiple of 8?
True
Is 222 a factor of 133152?
False
Does 2 divide 407766?
True
Is 11 a factor of 152911?
True
Does 8 divide 224216?
True
Is 228930 a multiple of 39?
True
Is 78760 a multiple of 110?
True
Is 264 a factor of 47557?
False
Is 12982 a multiple of 4?
False
Is 24932037 a multiple of 353?
True
Is 58 a factor of 77024?
True
Is 475 a factor of 4963549?
False
Is 6423440 a multiple of 29?
False
Is 224 a factor of 366879?
False
Does 57 divide 2210055?
False
Is 99 a factor of 55143?
True
Does 26 divide 210045?
False
Is 9 a factor of 5621814?
True
Is 37710 a multiple of 10?
True
Is 405 a factor of 1385548?
False
Is 1460950 a multiple of 314?
False
Is 67 a factor of 242978?
False
Is 688155 a multiple of 25?
False
Does 170 divide 10440550?
True
Does 396 divide 16215272?
False
Is 29 a factor of 18179868?
True
Is 208 a factor of 14670546?
False
Is 3 a factor of 2797847?
False
Is 19936626 a multiple of 1523?
False
Does 6 divide 923262?
True
Is 196112 a multiple of 56?
True
Is 5967640 a multiple of 10?
True
Is 947467 a multiple of 14?
False
Does 404 divide 147950?
False
Is 10 a factor of 1540342?
False
Does 3 divide 473006?
False
Does 60 divide 186360?
True
Is 1924829 a multiple of 22?
False
Is 80 a factor of 80908?
False
Is 125 a factor of 8558382?
False
Does 575 divide 5553359?
False
Is 2 a factor of 3923819?
False
Is 3984642 a multiple of 19?
True
Is 36459 a multiple of 9?
True
Is 508563 a multiple of 33?
True
Is 610280 a multiple of 27?
False
Does 85 divide 2401192?
False
Is 102119 a multiple of 37?
False
Does 452 divide 18060?
False
Does 79 divide 1876803?
True
Does 2 divide 8488?
True
Is 80682 a multiple of 116?
False
Does 3 divide 740668?
False
Does 4 divide 261147?
False
Does 105 divide 2604344?
False
Is 90630 a multiple of 15?
True
Is 37 a factor of 388944?
True
Is 29283375 a multiple of 12?
False
Is 318645 a multiple of 73?
True
Is 690361 a multiple of 49?
True
Is 186 a factor of 418578?
False
Does 5 divide 85290?
True
Is 335 a factor of 39096175?
True
Is 7 a factor of 998791?
False
Is 133 a factor of 60183?
False
Is 9 a factor of 89145?
True
Is 190 a factor of 2953740?
True
Is 11 a factor of 1552267?
False
Is 139 a factor of 11844468?
True
Is 46221 a multiple of 121?
False
Is 17 a factor of 40802805?
True
Is 381 a factor of 3538728?
True
Is 6224 a multiple of 4?
True
Is 122 a factor of 468480?
True
Is 2910292 a multiple of 308?
True
Does 26 divide 8565858?
False
Is 278252 a multiple of 52?
True
Does 110 divide 5562428?
False
Is 82 a factor of 3817910?
False
Is 213 a factor of 119067?
True
Is 11974 a multiple of 3?
False
Is 8007376 a multiple of 317?
False
Does 33 divide 172458?
True
Is 1239 a factor of 2834832?
True
Is 11671664 a multiple of 65?
False
Is 133 a factor of 1742217?
False
Is 36 a factor of 80969?
False
Is 14 a factor of 508382?
True
Is 255442 a multiple of 374?
True
Does 5 divide 13166?
False
Does 11 divide 282986?
True
Is 318250 a multiple of 125?
True
Is 10 a factor of 157380?
True
Does 4 divide 2063672?
True
Is 4341050 a multiple of 25?
True
Is 23546823 a multiple of 198?
False
Is 115121 a multiple of 19?
True
Is 881392 a multiple of 496?
True
Is 26030 a multiple of 38?
True
Is 1454050 a multiple of 10?
True
Is 16933362 a multiple of 14?
False
Does 10 divide 58225?
False
Does 3 divide 844453?
False
Is 9279168 a multiple of 744?
True
Does 72 divide 1457954?
False
Does 49 divide 238540?
False
Is 1302 a factor of 1456938?
True
Is 5027 a multiple of 5?
False
Is 79549 a multiple of 349?
False
Does 63 divide 7463713?
False
Is 18 a factor of 259146?
True
Does 229 divide 782264?
True
Does 46 divide 234487?
False
Is 55 a factor of 173360?
True
Is 184 a factor of 256496?
True
Is 10754143 a multiple of 15?
False
Does 22 divide 1522862?
True
Is 55009 a multiple of 66?
False
Is 20 a factor of 6160643?
False
Does 848 divide 14994336?
True
Does 212 divide 8146736?
True
Does 29 divide 25839?
True
Is 706482 a multiple of 63?
True
Is 12 a factor of 26573?
False
Is 803 a factor of 2690959?
False
Is 2 a factor of 88736?
True
Is 15124 a multiple of 4?
True
Does 29 divide 1159874?
False
Is 345 a factor of 2989153?
False
Is 158 a factor of 71574?
True
Is 28 a factor of 903675?
False
Does 580 divide 11600?
True
Is 10 a factor of 18574?
False
Does 25 divide 2081250?
True
Is 243755 a multiple of 52?
False
Is 49 a factor of 85064?
True
Does 192 divide 35545?
False
Is 150668 a multiple of 301?
False
Does 18 divide 15772651?
False
Is 1929670 a multiple of 85?
True
Does 59 divide 47936?
False
Is 79913 a multiple of 4?
False
Does 7 divide 4258828?
True
Is 3398850 a multiple of 273?
True
Is 13280941 a multiple of 101?
False
Is 4 a factor of 45322?
False
Does 112 divide 1638558?
False
Is 112 a factor of 153370?
False
Is 692140 a multiple of 3?
False
Is 141 a factor of 499281?
True
Does 4 divide 872080?
True
Does 18 divide 21780?
True
Is 697 a multiple of 64?
False
Does 54 divide 689642?
False
Is 6877684 a multiple of 277?
False
Is 1173990 a multiple of 50?
False
Does 30 divide 86252?
False
Does 24 divide 8621688?
True
Is 541 a factor of 31919?
True
Is 140 a factor of 3280480?
True
Does 130 divide 160550?
True
Is 150 a multiple of 25?
True
Is 44561 a multiple of 96?
False
Is 71 a factor of 3415788?
False
Does 80 divide 461920?
True
Is 31224 a multiple of 224?
False
Does 83 divide 121844?
True
Does 8 divide 43104?
True
Does 1017 divide 6292179?
True
Is 580 a factor of 727415?
False
Does 3 divide 12041?
False
Is 183 a factor of 750560?
False
Is 4563888 a multiple of 816?
True
Does 571 divide 61668?
True
Does 391 divide 5477519?
True
Does 6 divide 14640?
True
Does 57 divide 1147467?
True
Is 6104 a multiple of 218?
True
Does 714 divide 9904608?
True
Does 108 divide 32832?
True
Does 4 divide 895028?
True
Does 31 divide 60228?
False
Is 5321400 a multiple of 50?
True
Is 85733 a multiple of 64?
False
Is 327190 a multiple of 72?
False
Is 22578428 a multiple of 281?
False
Is 347 a factor of 1367874?
True
Does 5 divide 2304021?
False
Is 1847589 a multiple of 177?
False
Is 10 a factor of 11519?
False
Is 831248 a multiple of 176?
True
Is 35547552 a multiple of 19?
False
Does 138 divide 576564?
True
Is 65 a factor of 461955?
True
Is 91854 a multiple of 21?
True
Does 195 divide 691470?
True
Does 14 divide 32896533?
False
Is 141 a factor of 162150?
True
Does 498 divide 1536828?
True
Is 1274475 a multiple of 25?
True
Is 2113880 a multiple of 3?
False
Is 303192 a multiple of 72?
True
Does 20 divide 1430652?
False
Does 24 divide 2063640?
True
Does 153 divide 509780?
False
Does 1041 divide 443491?
False
Does 15 divide 1031102?
False
Is 21 a factor of 110964?
True
Is 52 a factor of 875564?
False
Is 2 a factor of 27840?
True
Does 6 divide 155376?
True
Does 500 divide 653500?
True
Does 98 divide 1158273?
False
Does 13 divide 1761890?
True
Is 101539 a multiple of 135?
False
Does 21 divide 954009?
True
Does 16 divide 29083?
False
Is 251919 a multiple of 5?
False
Is 4 a factor of 71988?
True
Is 126 a factor of 1850791?
False
Does 222 divide 141681?
False
Does 25 divide 13811579?
False
Does 179 divide 410626?
True
Is 279 a factor of 3354975?
True
Is 32768 a multiple of 64?
True
Is 784028 a multiple of 15?
False
Is 344134 a multiple of 14?
True
Is 17 a factor of 2730064?
True
Is 4740373 a multiple of 53?
True
Is 31 a factor of 7230?
False
Is 15851 a multiple of 2?
False
Is 176 a factor of 291984?
True
Is 1049900 a multiple of 50?
True
Does 398 divide 43217505?
False
Is 594 a factor of 2404094?
False
Does 88 divide 351648?
True
Is 155 a factor of 1479940?
True
Is 414131 a multiple of 12?
False
Is 3663842 a multiple of 1066?
True
Is 133603 a multiple of 255?
False
Is 101033 a multiple of 146?
False
Is 161754 a multiple of 5?
False
Does 16 divide 180723?
False
Is 84 a factor of 40404?
True
Is 26922 a multiple 